rue
Does 6 divide 259767?
False
Is 49 a factor of 8393444?
False
Does 36 divide 385689?
False
Does 29 divide 71398?
True
Does 12 divide 823668?
True
Does 58 divide 2243846?
True
Is 14231160 a multiple of 60?
True
Does 28 divide 411180?
True
Is 653428 a multiple of 86?
True
Is 1217474 a multiple of 112?
False
Is 65 a factor of 26564200?
True
Is 551 a factor of 53447?
True
Does 28 divide 464057?
False
Is 73 a factor of 2921181?
False
Is 203 a factor of 116392?
False
Does 10 divide 5647120?
True
Does 66 divide 552393?
False
Is 692535 a multiple of 685?
True
Is 951 a multiple of 39?
False
Is 167859 a multiple of 12?
False
Is 193349 a multiple of 50?
False
Is 269 a factor of 6337640?
True
Does 32 divide 6405451?
False
Is 2497807 a multiple of 1540?
False
Is 1080103 a multiple of 149?
False
Is 16700 a multiple of 36?
False
Is 322 a factor of 1916222?
True
Is 76880 a multiple of 12?
False
Is 7698104 a multiple of 568?
True
Is 204 a factor of 461674?
False
Is 477 a factor of 464598?
True
Is 201983 a multiple of 9?
False
Is 498112 a multiple of 64?
True
Is 8324 even?
True
Is 38 a factor of 248376?
False
Does 168 divide 680175?
False
Does 21 divide 286692?
True
Does 90 divide 7198290?
True
Is 6213480 a multiple of 52?
True
Does 54 divide 50220?
True
Does 11 divide 695442?
True
Does 777 divide 6571902?
False
Is 125 a factor of 41710?
False
Is 53 a factor of 3398943?
True
Does 65 divide 300574?
False
Is 8 a factor of 4276327?
False
Does 47 divide 158390?
True
Does 784 divide 8146544?
True
Is 6621932 a multiple of 403?
False
Is 5261315 a multiple of 5?
True
Is 131 a factor of 354617?
True
Is 3437490 a multiple of 14?
True
Does 40 divide 307560?
True
Does 910 divide 1705958?
False
Is 188 a factor of 1258950?
False
Is 192 a factor of 1716731?
False
Is 495194 a multiple of 163?
True
Does 5 divide 110793?
False
Is 3 a factor of 168532?
False
Is 1568061 a multiple of 11?
True
Is 90 a factor of 14265697?
False
Is 1750382 a multiple of 8?
False
Is 859 a factor of 2833841?
True
Does 875 divide 1634500?
True
Is 236 a factor of 129590?
False
Does 6 divide 111986?
False
Is 507 a factor of 1737619?
False
Is 121 a factor of 4414927?
True
Is 58 a factor of 266029?
False
Is 383850 a multiple of 15?
True
Is 6 a factor of 42900?
True
Is 4310740 a multiple of 82?
True
Is 44355 a multiple of 7?
False
Is 1069615 a multiple of 293?
False
Does 407 divide 476686?
False
Does 6 divide 843244?
False
Is 142 a factor of 88836?
False
Is 5729425 a multiple of 793?
True
Is 19938 a multiple of 88?
False
Is 208 a factor of 79248?
True
Does 758 divide 2315690?
True
Does 57 divide 427044?
True
Does 15 divide 134475?
True
Is 168 a factor of 2500176?
True
Is 85 a factor of 308720?
True
Is 98 a factor of 449820?
True
Is 52 a factor of 48724?
True
Is 501 a factor of 3848181?
True
Is 781460 a multiple of 774?
False
Is 2950962 a multiple of 42?
True
Is 8 a factor of 2292456?
True
Does 23 divide 284763?
True
Is 380705 a multiple of 13?
True
Is 84 a factor of 459513?
False
Is 11 a factor of 528462?
True
Is 67 a factor of 1047344?
True
Is 48 a factor of 125454?
False
Is 614 a factor of 5683774?
False
Is 345 a factor of 4383604?
False
Is 81 a factor of 25353?
True
Is 451656 a multiple of 82?
True
Is 366 a factor of 109256?
False
Is 10 a factor of 66238?
False
Does 255 divide 95115?
True
Is 398574 a multiple of 27?
True
Is 26 a factor of 3444307?
False
Is 13715 a multiple of 13?
True
Does 51 divide 8793981?
True
Does 104 divide 66560?
True
Does 16 divide 274355?
False
Is 54 a factor of 52735?
False
Is 440 a factor of 896720?
True
Is 2053459 a multiple of 8?
False
Is 331639 a multiple of 511?
True
Is 18 a factor of 10925?
False
Does 1031 divide 1454724?
False
Does 81 divide 29079?
True
Does 123 divide 141503?
False
Is 53 a factor of 118091?
False
Is 4 a factor of 2382809?
False
Does 658 divide 477050?
True
Does 12 divide 12321?
False
Is 27 a factor of 6203709?
True
Is 409432 a multiple of 10?
False
Does 107 divide 1716?
False
Is 36 a factor of 7848?
True
Is 782 a factor of 2552014?
False
Does 5 divide 285550?
True
Is 718160 a multiple of 10?
True
Does 45 divide 7442499?
False
Does 2 divide 27626?
True
Is 321 a factor of 736094?
False
Is 39 a factor of 1807533?
True
Is 65 a factor of 122915?
True
Does 35 divide 4672605?
True
Is 162302 a multiple of 7?
True
Is 682836 a multiple of 163?
False
Is 86 a factor of 312502?
False
Is 100 a factor of 167636?
False
Does 503 divide 1006153?
False
Is 594336 a multiple of 1042?
False
Is 33720 a multiple of 5?
True
Is 149177 a multiple of 707?
True
Is 33 a factor of 72468?
True
Is 2 a factor of 36146?
True
Is 9 a factor of 45518?
False
Is 64821 a multiple of 2?
False
Is 30134 a multiple of 36?
False
Does 27 divide 1517616?
True
Is 33 a factor of 1917?
False
Does 16 divide 120718?
False
Does 364 divide 950230?
False
Does 599 divide 3828209?
True
Does 5 divide 255443?
False
Is 5103277 a multiple of 169?
False
Is 3 a factor of 55029?
True
Does 699 divide 680826?
True
Does 68 divide 315245?
False
Is 4480085 a multiple of 5?
True
Is 70 a factor of 7363580?
True
Is 44308 a multiple of 53?
True
Is 14 a factor of 246414?
True
Is 22 a factor of 88704?
True
Is 41 a factor of 2955321?
True
Is 546069 a multiple of 304?
False
Is 13 a factor of 2423161?
True
Is 148 a factor of 644540?
True
Does 10 divide 90663?
False
Is 17 a factor of 350029?
False
Is 1716880 a multiple of 8?
True
Does 480 divide 209760?
True
Is 216225 a multiple of 155?
True
Is 1251 a factor of 23718648?
False
Is 734048 a multiple of 113?
True
Is 12660245 a multiple of 155?
True
Is 1208790 a multiple of 33?
True
Is 19 a factor of 27078648?
True
Is 337012 a multiple of 12?
False
Is 29 a factor of 388919?
True
Does 25 divide 485650?
True
Is 45 a factor of 489510?
True
Is 29 a factor of 57739?
True
Is 11 a factor of 65515?
False
Is 118025 a multiple of 262?
False
Does 237 divide 133431?
True
Is 23 a factor of 768361?
True
Is 102431 a multiple of 237?
False
Does 387 divide 23506549?
False
Does 300 divide 2167774?
False
Is 443 a factor of 253730?
False
Is 12 a factor of 18744?
True
Is 21996 a multiple of 105?
False
Is 38 a factor of 5139728?
True
Is 53 a factor of 58534?
False
Does 6 divide 187536?
True
Does 179 divide 1149044?
False
Is 71 a factor of 839849?
False
Does 130 divide 3711580?
False
Is 129846 a multiple of 95?
False
Is 12607 a multiple of 7?
True
Is 3 a factor of 28467?
True
Is 69 a factor of 4076520?
True
Is 14 a factor of 5231422?
True
Is 63 a factor of 4729925?
False
Is 364 a factor of 478858?
False
Is 658424 a multiple of 2?
True
Is 16 a factor of 37952?
True
Does 17 divide 19431?
True
Is 8 a factor of 1089574?
False
Is 517280 a multiple of 58?
False
Is 122655 a multiple of 221?
True
Is 81 a factor of 1016388?
True
Is 670334 a multiple of 7?
True
Does 18 divide 14150?
False
Does 28 divide 184408?
True
Does 8 divide 3584?
True
Is 438464 a multiple of 104?
True
Does 117 divide 1443312?
True
Does 11 divide 106260?
True
Is 10 a factor of 552710?
True
Does 14 divide 42714494?
False
Does 16 divide 44784?
True
Does 51 divide 4128348?
True
Does 108 divide 3481704?
True
Is 114 a factor of 40356?
True
Is 93 a factor of 615620?
False
Is 2624400 a multiple of 150?
True
Does 103 divide 573552?
False
Is 678726 a multiple of 506?
False
Is 10554312 a multiple of 11?
False
Is 1936256 a multiple of 7?
True
Is 7286400 a multiple of 400?
True
Does 1042 divide 11092090?
True
Is 116 a factor of 83404?
True
Does 46 divide 31510?
True
Is 37714 a multiple of 13?
False
Is 5 a factor of 30473?
False
Does 4 divide 22716?
True
Does 142 divide 1222762?
True
Is 11 a factor of 223673?
False
Is 453420 a multiple of 45?
True
Is 11 a factor of 598114?
True
Is 18 a factor of 80298?
True
Is 158 a factor of 406850?
True
Does 188 divide 588747?
False
Does 177 divide 3569026?
False
Is 43382 a multiple of 4?
False
Is 563 a factor of 310472?
False
Does 113 divide 57969?
True
Is 103 a factor of 140904?
True
Is 10 a factor of 1124390?
True
Is 93 a factor of 5618502?
True
Is 2572001 a multiple of 371?
False
Is 2023894 a multiple of 83?
False
Does 796 divide 84053?
False
Is 80 a factor of 347440?
True
Is 6205836 a multiple of 42?
True
Is 173 a factor of 21625?
True
Does 17 divide 45222?
False
Is 8 a factor of 229063?
False
Is 19651 a multiple